late the greatest common divisor of 9 and r.
9
Suppose -282 - 243 = -5*g. Let h be ((-1512)/g)/((-6)/20). What is the highest common factor of 72 and h?
24
Let s = 18 + -17. Let p be (2 + s + -4)*-8. Let g be (8 + 0)*162/p. Calculate the greatest common divisor of 18 and g.
18
Let w(c) = c**3 + 19*c**2 + 2*c - 16. Let m be w(-13). Suppose f - 5*f = -m. What is the greatest common factor of 27 and f?
27
Suppose 118*l + 80 = 120*l. Calculate the highest common divisor of l and 72.
8
Let s(c) = -c**3 - 10*c**2 + 9*c - 18. Let q be s(-11). Suppose -6*n = -q*n - 22. Calculate the greatest common divisor of n and 44.
11
Suppose -4*y = 31 - 115. Suppose 4*w = -2*m + 5*m - 66, 78 = 5*m + 4*w. Let k be (9/m)/((-1)/(-14)). What is the greatest common factor of y and k?
7
Let f(y) = 3*y**2 - 2*y - 1. Let x be f(-1). Suppose u - 10 + 5 = 3*m, x*u = -2*m + 48. Let r = u - 6. What is the greatest common factor of r and 45?
5
Suppose -15*t + 824 = -2776. What is the greatest common factor of t and 220?
20
Let t be (236/(-6))/(274/(-5343)). Calculate the greatest common factor of 177 and t.
59
Let q(s) = -2*s**3 + 18*s**2 - 14*s. Let h be q(8). Suppose h*m - 1056 = 8*m. Calculate the greatest common factor of m and 12.
12
Let y be (20/(-20))/(1/629). Let s = y - -899. Calculate the greatest common divisor of s and 18.
18
Suppose 55 = 3*f - 0*f + 4*x, -57 = -5*f + 2*x. What is the highest common divisor of 39 and f?
13
Suppose 0 = 4589*v - 4590*v + 33. Let k be 1/2 - 3/(-2). Suppose -k*t + 33 = t. What is the greatest common divisor of v and t?
11
Suppose y = 2*c - 21, 35*c - 57 = 31*c - 3*y. Calculate the greatest common divisor of c and 54.
6
Let q = -18 - -23. Suppose 6 = w + 3*n - 3, -2*w + 18 = -q*n. What is the highest common factor of w and 63?
9
Let y = 3118 + -2966. What is the highest common divisor of y and 200?
8
Let s be -1 - -2 - (79 + 11). Let p = s + 134. Calculate the highest common factor of p and 18.
9
Suppose -15*a = 31*a - 35650. What is the highest common factor of a and 75?
25
Suppose 4*b = 6*b - 236. Suppose -2*z - 2 = 0, -b = -x - 4*z + 76. Calculate the highest common divisor of 22 and x.
22
Suppose c + 7 = 3*c - a, -4*a - 12 = -4*c. Let m be -44*((-6)/c + 1). Let n = -1125 + 1213. Calculate the highest common divisor of m and n.
22
Suppose -4*u - 5*k + 236 = 0, u - 99 + 27 = 2*k. Let a(b) = 259*b - 510. Let g be a(2). Calculate the greatest common divisor of g and u.
8
Let u(x) = x**2 - 2*x + 19. Let j be u(0). Suppose 0 = -4*r - 0*r. Suppose r*p + 3*p - 456 = 0. Calculate the highest common divisor of p and j.
19
Let q be (-5)/((-150)/18)*705. What is the highest common divisor of q and 47?
47
Let b(c) = -3*c**3 + 3*c + 4. Let f be b(-1). What is the highest common divisor of f and 100?
4
Let u(x) = 3*x**2 + 30*x + 165. Let l be u(-24). What is the highest common factor of l and 51?
51
Let z(i) = -i**3 - 3*i**2 - 3*i - 1. Let u be z(-5). Suppose 4*h - 66 = h. Let d = h - 6. What is the greatest common factor of u and d?
16
Let h(u) = 3*u**2 - 8*u. Let p be h(-1). What is the greatest common factor of p and 275?
11
Suppose w = -w - 14. Let y(u) = u + 32. Let z be y(w). What is the greatest common divisor of z and 100?
25
Let v(p) = 2*p**3 + 55*p**2 - 29*p + 12. Let f be v(-28). Calculate the greatest common divisor of f and 290.
10
Let v(f) = f**2 + 19*f - 6. Let p(y) = 2*y**2 + 56*y - 18. Let j(c) = 3*p(c) - 8*v(c). Let q be j(7). Calculate the greatest common factor of 72 and q.
8
Let k = 226 - 106. What is the highest common factor of 150 and k?
30
Let s(p) = -p + 2. Let b be s(0). Suppose -b*y + 25 = -45. Let i be ((-51)/34)/(6/(-20)). What is the highest common factor of y and i?
5
Suppose 10*a = 2*a + 448. Suppose 2*r - i + 0*i = 14, 2*r + 5*i - 14 = 0. Calculate the highest common divisor of a and r.
7
Suppose -22 = -3*l + 4*v, -2*l = -2*v + 4 - 16. Suppose 2*i = 6, -4*s - l*i = -i - 443. Calculate the greatest common divisor of s and 10.
10
Let n = 1554 + 299. What is the greatest common factor of 17 and n?
17
Let b = -15 + 17. Suppose -b*s - 2 = -0. Let l be (s + -2)*(-5)/3. What is the greatest common factor of 15 and l?
5
Let b = -29 - -29. Suppose 4*n = 88 - b. What is the highest common divisor of n and 22?
22
Let d = 9 - 2. Let x be (28/d)/(0 + -1). Let m(u) = u**2 - u + 4. Let g be m(x). Calculate the greatest common divisor of 12 and g.
12
Let a be (4/(-5))/(9*12/(-35640)). Calculate the highest common factor of a and 462.
66
Suppose 11*j - 104 = 9*j. What is the greatest common divisor of j and 130?
26
Suppose 2*b = -0*b - 64. Let p = b - -70. Calculate the greatest common divisor of p and 114.
38
Suppose -8 = -9*k + 10. Suppose -2*y - 3*y = u - 69, -2*u + k*y = -126. Calculate the greatest common divisor of u and 8.
8
Suppose -84 = 425*f - 428*f. What is the highest common divisor of f and 434?
14
Suppose 3*a = -159 + 1674. Calculate the highest common divisor of a and 5.
5
Let u be (-720)/(-52) - 12/(-78). What is the highest common factor of u and 791?
7
Let d = 2 + -2. Let r(t) = -t**3 - t - 6. Let q be r(d). Let l be 12/(-8) + (-129)/q. Calculate the greatest common factor of l and 180.
20
Let h(o) = -o**2 - 9*o - 16. Let r be h(-7). Let p be (-2)/((-7)/r - 3). Let c be 4 + p - (-1 + 0). Calculate the greatest common divisor of c and 11.
1
Let i(y) be the second derivative of -y**3/6 + 3*y**2 - 3*y. Let u be i(0). Let r be (u - 3)/(-3) + 46. What is the highest common factor of r and 18?
9
Let a(l) = 2*l - 9. Let r be a(8). Let y(v) = -v**2 + 7*v + 1. Let m be y(r). What is the greatest common divisor of 1 and m?
1
Let b(n) = -2*n**3 + 82*n**2 + 174*n + 34. Let g be b(43). What is the highest common divisor of g and 672?
24
Suppose -16 = -q - 3*q. Let i(b) = -b**2 + 17*b - 20. Let s be i(21). Let m = -60 - s. Calculate the greatest common factor of q and m.
4
Let x(y) = -y**2 - 26*y - 123. Let p be x(-18). What is the highest common divisor of 287 and p?
7
Suppose h - 2*l = 9 + 18, 0 = 2*l. Let z(m) = -m**3 + 27*m**2 + 2*m - 50. Let d be z(h). Calculate the highest common factor of 32 and d.
4
Let f = -3 + -57. Let p be (f/(-18))/((-3)/(-27)). What is the highest common divisor of p and 45?
15
Suppose -31 = -3*z + 107. Suppose 0 = -0*b + 2*b - z. Suppose b = v + 3*c, 2*c - 15 - 47 = -4*v. Calculate the highest common divisor of 14 and v.
14
Let z(x) = -x + 61. Let k be z(-9). Suppose 0 = p - 5 + 3. Suppose 7*l - p*l - 50 = s, 4*l + 5*s = 40. What is the highest common factor of l and k?
10
Let d = 584 + -370. Suppose -b = 4*y - 4*b - 282, 3*y - b = d. What is the highest common divisor of y and 8?
8
Suppose 25 = w + 5*f, 2*f = 4*w - 45 - 33. What is the highest common factor of 180 and w?
20
Suppose 0 = 5*y + 19 + 66. Let g be 1 - -1 - (y + 3). Suppose 42 = 5*h - 598. Calculate the greatest common factor of g and h.
16
Let a(u) be the second derivative of -u**5/20 + u**4/4 + 2*u**3/3 - 3*u**2 + u. Let z be a(4). Let x = z - -14. What is the greatest common factor of 4 and x?
4
Let q be (-6 - (-110)/25)*-10. Calculate the highest common factor of q and 6.
2
Suppose 912 = -24*q + 28*q. What is the highest common divisor of 76 and q?
76
Let c(l) = -2*l**2 - 2*l + 1. Let x be c(-3). Let z = -9 - x. Let k = 8 + -5. Calculate the greatest common divisor of k and z.
1
Suppose 2*a = 3*a. Suppose a*i = -i - 4. Let r = 58 + i. Calculate the greatest common factor of 6 and r.
6
Let a(z) = 5*z**2 - 4*z - 36. Let q(m) = -m**2 - m + 1. Let b(l) = -a(l) - 6*q(l). Let r be b(-7). Calculate the greatest common divisor of 36 and r.
9
Suppose -122*c - 49386 = -131370. Calculate the highest common factor of c and 63.
21
Let o = 2079 - 1404. Calculate the highest common factor of 54 and o.
27
Let k = 661 + -463. What is the greatest common divisor of k and 22?
22
Let i = 5 - 3. Suppose -5*z + 7 = -2*a, 2*z - a - i = -0*a. Let k be (14/z)/(7/105). What is the highest common factor of 28 and k?
14
Suppose -5*o = 12 - 612. Let g be ((-3)/(-4))/((-5)/(-20)). Suppose -g*i + 20 = -2*i + 5*c, -48 = -3*i - 3*c. Calculate the greatest common factor of i and o.
15
Let u(b) = b - 6. Let l be u(10). Suppose m + 2*m - 48 = l*o, 4*m - 4*o = 68. What is the highest common factor of 50 and m?
10
Let m = -34 + 22. Let y = m + 38. What is the hi